t(n) be the second derivative of 14*n**3 + 2*n**2 + 19*n. Let l be t(5). Suppose 0 = 4*o + l - 4668. Is o a composite number?
False
Let y(u) = 25*u**2 - 50*u - 514. Is y(42) a composite number?
True
Suppose 9460563 = 3*i + 2*f, -f = -i + 3*f + 3153521. Is i composite?
True
Suppose -63*w = 7*h - 61*w - 3995015, -2*w + 10 = 0. Is h prime?
False
Suppose -550 = -3*k - 2*k + 4*z, 4*k + 2*z - 414 = 0. Suppose 5*c = n - 6541, 0 = 111*n - k*n + 3*c - 32593. Is n prime?
True
Suppose 11889 - 1902022 = -29*u. Is u composite?
True
Let v = 121 - 174. Let i = 110 - v. Is i composite?
False
Suppose 13*o + 203 = -447. Let x = o - 13. Let k = 95 - x. Is k composite?
True
Let g(q) = -72*q - 23. Let i be g(-2). Suppose -6*u + o = -2*u - 1563, -4*o = -4*u + 1548. Let z = u - i. Is z prime?
True
Let d = -115 - -121. Suppose -d*b - 8377 = -4*p - 3*b, 0 = 3*p - b - 6284. Is p prime?
False
Suppose f + f - 16 = -4*l, l = -2*f + 13. Suppose 4*i = 1864 + 2700. Suppose -13*x = -f*x - i. Is x composite?
False
Suppose -87*y - y + 2558405 = 27*y. Is y composite?
False
Let w(x) = 1725*x**2 + 44*x + 138. Is w(-13) a prime number?
False
Let f = 225363 + -120166. Is f a prime number?
False
Suppose 286724 + 133517 = 5*u - 3*g, -4*u - 2*g = -336228. Is u a composite number?
False
Let y be ((-324)/(-189))/((-1)/1561). Let q = y + 5603. Is q composite?
False
Suppose a - 580 - 1187 = 0. Let m = a - -80. Is m prime?
True
Let h(k) = 375*k + 9. Let q be h(4). Let o be -2 + q - (0 + 4). Let t = o + -608. Is t a composite number?
True
Let i(f) = -5*f**2 - 2*f - 10. Let d = -69 + 75. Let u be i(d). Let l = u + 363. Is l composite?
True
Suppose 2*h + 2 = 0, 5*h - 180220 = -3*x + 210918. Is x a prime number?
False
Suppose 41632 = -46*v + 47*v. Suppose -8*b + v + 7288 = 0. Is b prime?
False
Suppose -3*p + 326319 + 626034 = -s, 5*p = s + 1587259. Is p a composite number?
False
Suppose 1868 = -9*l - 14080. Let v = l - -2869. Is v a composite number?
False
Suppose 2*k - 931*z - 294374 = -935*z, 3*k = 5*z + 441616. Is k a prime number?
True
Suppose 3*i + 4*x - 2*x + 28 = 0, 0 = 4*i - 2*x + 14. Let d(h) = -272*h - 1. Is d(i) a prime number?
False
Let t(w) be the first derivative of -97*w**3/3 - 17*w**2/2 + 11*w - 11. Let f(v) be the first derivative of t(v). Is f(-5) composite?
False
Is (-5480806298)/(-2832) + (-3)/(-72) a prime number?
True
Suppose -18 = -6*w - 3*w. Suppose -7059 = -4*b + 3*b + 2*s, -4*b + w*s + 28242 = 0. Is b prime?
False
Suppose 3*o = o - 2, 3*u - 2327 = -4*o. Let y(a) = -a**2 + 130*a - 963. Let c be y(113). Let k = u + c. Is k prime?
False
Let o(x) = -5339*x**3 - 3*x**2 - 200*x - 1199. Is o(-7) a composite number?
False
Let j be -1 + 115/15 - 2/3. Is ((-1164)/(-16))/(j/8) a composite number?
False
Let l(h) be the third derivative of 11*h**5/30 + 7*h**4/8 + 13*h**3/6 + 50*h**2 + 1. Is l(16) prime?
True
Let x = -106 - -116. Suppose 6 + x = 4*n. Suppose n*c - 2*v = 1714, -7*c + 2132 = -2*c + v. Is c prime?
False
Suppose 214*d + 2646311 = 237*d. Is d a composite number?
False
Let h = 36431 - -23810. Is h a composite number?
True
Suppose 3*s = 15*v - 17*v + 411028, 11*v + 3*s - 2260627 = 0. Is v a composite number?
True
Let l = 312 + -284. Suppose l*r - 76310 = 2*r. Is r a composite number?
True
Let i(a) = -36882*a - 9155. Is i(-14) prime?
True
Let j(u) = 6*u**2 - 19*u - 2. Let x be -3*(-16)/(-24) - (11 - 0). Is j(x) a composite number?
False
Let b = -11 + 7. Let k be (1*18459)/(-3)*10/(-35). Is 12/(-18)*k/b a composite number?
False
Let j(l) be the third derivative of 0*l + 3/20*l**5 - 19*l**2 - 1/3*l**3 + 0 - 1/6*l**4. Is j(-7) a composite number?
False
Suppose -b - j = -395037 + 69493, 0 = -5*j - 25. Is b prime?
False
Suppose -5949*p - 4*a - 390522 = -5951*p, -a = 5*p - 976360. Is p prime?
True
Let w(q) = 435*q**2 + 3*q + 4. Let u be w(-1). Suppose -14*z + u = -2070. Is z a composite number?
False
Let c(p) = -p**3 + 6*p**2 - 6*p + 5. Suppose -5*j = -14 - 11. Let u be c(j). Suppose -5*y + 2*y + 993 = u. Is y composite?
False
Let f = -17224 + 10135. Is (-13)/208 + f/(-16) composite?
False
Let c = 125530 - 1073. Is c a prime number?
False
Suppose 17*n - 36*n + 342 = 0. Suppose 2*s - 23*a - 8216 = -n*a, -12299 = -3*s - 5*a. Is s composite?
True
Is (17/(-153))/((-9)/145881) composite?
False
Let f(j) be the first derivative of 21*j**4/4 - 4*j**3/3 - 3*j**2 + 3*j + 357. Let v = -2 + 6. Is f(v) prime?
True
Suppose 0*y - 5*c - 25755 = -4*y, -3*c + 25795 = 4*y. Let i = y - 3290. Is i composite?
True
Suppose 0 = -3*x + s - 2*s + 9, -6 = -2*s. Let b be ((-14)/8)/(x/(-8)). Suppose -b*l + 15425 = -2*l. Is l prime?
False
Let v(s) = 11*s. Let i be v(1). Let t(w) = -4*w**2 + 4*w - 13. Let o(m) = -m**2 - 2*m + 1. Let n(r) = -5*o(r) + t(r). Is n(i) prime?
True
Let b = 3579 - -18671. Let z = -11349 + b. Is z composite?
True
Suppose -14394 = -y + 5*d, -3*d + 11858 = 2*y - 16839. Is y a composite number?
True
Let y(d) = 6*d**3 - 15*d**2 + 2*d + 24. Let n = 42 - 35. Is y(n) prime?
True
Suppose 4*y + 3 = 7*y. Is (y + -488)/(-7 - -6) a composite number?
False
Let n(w) = 2*w**2 - 18*w + 50. Let l be n(4). Suppose 5*b - 46961 = -3*j, -l*b - 18788 = -12*b - 3*j. Is b composite?
False
Suppose -6*q - 23 - 7 = 0. Is ((-10660)/3)/(-2) - q/15 a composite number?
False
Suppose 112*a = 91*a - 294. Is ((-12)/a)/(4/20062) prime?
False
Suppose -40*j - 5591 = -41*j. Suppose 3*d - 3567 = -4*h + j, 0 = -4*d + 5*h + 12159. Is d composite?
True
Let k(f) = 9848*f**3 + 12*f**2 - 5*f + 7. Is k(2) a composite number?
True
Suppose 1394 = 4*a - 46238. Suppose 0 = -0*f + 26*f - a. Is f composite?
True
Let o = 39 + -26. Suppose 7*y - o*y = -2712. Suppose 4*r - 452 = l, r + 4*l - y = -3*r. Is r a composite number?
False
Let z = 5459 - 346. Is z a composite number?
False
Let h be (-47 - -21)/(2*1)*-11. Let o = h + -64. Is o composite?
False
Let b(i) = 2*i**3 - 14*i**2 + 5*i + 26. Suppose -2*u - 7 = -1. Let o(f) = -3*f**3 + 14*f**2 - 5*f - 25. Let v(t) = u*o(t) - 4*b(t). Is v(-12) a prime number?
False
Let m = -242 - -157. Let p = -81 - m. Suppose p*y - r = -0*y + 1041, 5*r + 1061 = 4*y. Is y a prime number?
False
Suppose 14 = -5*w - 6, 3*v = 2*w + 8. Suppose v = 22*r - 13099 - 72855. Is r prime?
True
Let a be 3*15/9 - -5. Let t(p) = -p**3 + 32*p**2 + 6*p - 11. Is t(a) composite?
True
Suppose 0 = -185*q + 175*q - 2001 + 93791. Is q a composite number?
True
Suppose 5*w + 166 = -134. Let q be (10 + 1)/((1 - -5)/w). Let v = q + 288. Is v composite?
True
Suppose 0 = -3*w - p + 1930062, 0 = 5*w - p + 870995 - 4087757. Is w composite?
True
Suppose -m = 1645 - 23678. Suppose 0 = 21*x + m - 75226. Is x prime?
False
Let m(f) be the second derivative of -695*f**3/2 + 101*f**2/2 - 69*f + 1. Is m(-4) prime?
False
Let m = 8135 - 20514. Let c = m - -19076. Is c a composite number?
True
Suppose 79 = -10*u - 31. Let i(b) = -7*b**3 + 26*b**2 + 16*b - 10. Is i(u) a prime number?
True
Let v(u) = 10*u - 18. Let z be (-8)/(-6)*21/14. Let k be v(z). Let o(h) = 1308*h - 7. Is o(k) a prime number?
True
Let t(p) = -p**3 - p**2 + 1. Let j be t(-2). Suppose 5*k - 5*u - 1605 = 805, 0 = j*k - 2*u - 2419. Suppose k = 3*f + 140. Is f a prime number?
False
Suppose 2*w + 4*b + 62 = -566, -5*w = 4*b + 1570. Suppose -y = -485 - 220. Let f = w + y. Is f prime?
False
Let p = -5079 + 29463. Suppose -3*t = -3*r + p, -r + 3*r - t = 16258. Suppose 2*c - 6*n - 5435 = -n, 3*c - 3*n - r = 0. Is c composite?
True
Is 11*(-8 + 7) + 68722 prime?
True
Let q = -153 + 545. Let j = -334 - -175. Let n = j + q. Is n a composite number?
False
Suppose 0 = 3*f - f - 6. Suppose 3*p - p - 137 = u, f*p - 5*u - 195 = 0. Suppose y + o - p = 2*o, 52 = y + 5*o. Is y prime?
True
Let q(p) = p**3 - 52*p**2 - 562*p + 63. Is q(62) composite?
False
Let w = -96592 + 224045. Is w composite?
False
Let f(h) = 52*h**2 - 32*h + 4823. Is f(-110) prime?
True
Let m(k) = -453*k + 24. Let a be m(13). Let t = a - -9312. Suppose -3*b = 3*v - t, 8*b = -v + 3*b + 1141. Is v a composite number?
False
Let s = 899 + -1318. Let x = s - -862. Is x prime?
True
Let w(h) = 91*h + 313. Let y(i) = -1. Let s(k) = -w(k) + 5*y(k). Is s(-31) a prime number?
True
Is (3 - 2) + -7 + (3*216918 - -1) a composite number?
True
Suppose 6*m - 2270666 = -4*f, -5*m - 3*f + 1892280 = -8*f. Is m a prime number?
True
Let w = -68600 + 9